{"id":420,"date":"2021-12-08T19:04:33","date_gmt":"2021-12-08T19:04:33","guid":{"rendered":"https:\/\/casadooriente.com.br\/?page_id=420"},"modified":"2023-03-26T22:18:07","modified_gmt":"2023-03-26T22:18:07","slug":"tonatto","status":"publish","type":"page","link":"https:\/\/casadooriente.com.br\/?page_id=420","title":{"rendered":""},"content":{"rendered":"\t\t<div data-elementor-type=\"wp-page\" data-elementor-id=\"420\" class=\"elementor elementor-420\">\n\t\t\t\t\t\t<section class=\"elementor-section elementor-top-section elementor-element elementor-element-f3203f8 elementor-section-boxed elementor-section-height-default elementor-section-height-default\" data-id=\"f3203f8\" data-element_type=\"section\" data-e-type=\"section\">\n\t\t\t\t\t\t<div class=\"elementor-container elementor-column-gap-default\">\n\t\t\t\t\t<div class=\"elementor-column elementor-col-100 elementor-top-column elementor-element elementor-element-12a0d27\" data-id=\"12a0d27\" data-element_type=\"column\" data-e-type=\"column\">\n\t\t\t<div class=\"elementor-widget-wrap elementor-element-populated\">\n\t\t\t\t\t\t<div class=\"elementor-element elementor-element-9972c6f elementor-widget elementor-widget-heading\" data-id=\"9972c6f\" data-element_type=\"widget\" data-e-type=\"widget\" data-widget_type=\"heading.default\">\n\t\t\t\t<div class=\"elementor-widget-container\">\n\t\t\t\t\t<h2 class=\"elementor-heading-title elementor-size-default\">Mestre Tonatto<\/h2>\t\t\t\t<\/div>\n\t\t\t\t<\/div>\n\t\t\t\t\t<\/div>\n\t\t<\/div>\n\t\t\t\t\t<\/div>\n\t\t<\/section>\n\t\t\t\t<section class=\"elementor-section elementor-top-section elementor-element elementor-element-07ea9c5 elementor-section-boxed elementor-section-height-default elementor-section-height-default\" data-id=\"07ea9c5\" data-element_type=\"section\" data-e-type=\"section\">\n\t\t\t\t\t\t<div class=\"elementor-container elementor-column-gap-default\">\n\t\t\t\t\t<div class=\"elementor-column elementor-col-100 elementor-top-column elementor-element elementor-element-69e17b9\" data-id=\"69e17b9\" data-element_type=\"column\" data-e-type=\"column\">\n\t\t\t<div class=\"elementor-widget-wrap elementor-element-populated\">\n\t\t\t\t\t\t<div class=\"elementor-element elementor-element-0b40340 elementor-widget elementor-widget-image\" data-id=\"0b40340\" data-element_type=\"widget\" data-e-type=\"widget\" data-widget_type=\"image.default\">\n\t\t\t\t<div class=\"elementor-widget-container\">\n\t\t\t\t\t\t\t\t\t\t\t\t\t\t\t<img fetchpriority=\"high\" decoding=\"async\" width=\"1850\" height=\"561\" src=\"https:\/\/casadooriente.com.br\/wp-content\/uploads\/2023\/03\/tonatto.png\" class=\"attachment-full size-full wp-image-1409\" alt=\"\" srcset=\"https:\/\/casadooriente.com.br\/wp-content\/uploads\/2023\/03\/tonatto.png 1850w, https:\/\/casadooriente.com.br\/wp-content\/uploads\/2023\/03\/tonatto-300x91.png 300w, https:\/\/casadooriente.com.br\/wp-content\/uploads\/2023\/03\/tonatto-1024x311.png 1024w, https:\/\/casadooriente.com.br\/wp-content\/uploads\/2023\/03\/tonatto-768x233.png 768w, https:\/\/casadooriente.com.br\/wp-content\/uploads\/2023\/03\/tonatto-1536x466.png 1536w, https:\/\/casadooriente.com.br\/wp-content\/uploads\/2023\/03\/tonatto-1140x346.png 1140w\" sizes=\"(max-width: 1850px) 100vw, 1850px\" \/>\t\t\t\t\t\t\t\t\t\t\t\t\t\t\t<\/div>\n\t\t\t\t<\/div>\n\t\t\t\t\t<\/div>\n\t\t<\/div>\n\t\t\t\t\t<\/div>\n\t\t<\/section>\n\t\t\t\t<section class=\"elementor-section elementor-top-section elementor-element elementor-element-287aaeb elementor-section-boxed elementor-section-height-default elementor-section-height-default\" data-id=\"287aaeb\" data-element_type=\"section\" data-e-type=\"section\">\n\t\t\t\t\t\t<div class=\"elementor-container elementor-column-gap-default\">\n\t\t\t\t\t<div class=\"elementor-column elementor-col-100 elementor-top-column elementor-element elementor-element-cac9b8d\" data-id=\"cac9b8d\" data-element_type=\"column\" data-e-type=\"column\">\n\t\t\t<div class=\"elementor-widget-wrap elementor-element-populated\">\n\t\t\t\t\t\t<div class=\"elementor-element elementor-element-488e095 elementor-widget elementor-widget-text-editor\" data-id=\"488e095\" data-element_type=\"widget\" data-e-type=\"widget\" data-widget_type=\"text-editor.default\">\n\t\t\t\t<div class=\"elementor-widget-container\">\n\t\t\t\t\t\t\t\t\t<p>&#8211; Praticante de artes marciais h\u00e1 mais de 20 anos, com um extenso curr\u00edculo de uma vida dedicada para as artes marciais.<\/p>\n<p><span style=\"font-family: var( --e-global-typography-text-font-family ), Sans-serif; font-weight: var( --e-global-typography-text-font-weight ); letter-spacing: 0px;\">&#8211; Sargento de Carreira do Ex\u00e9rcito, onde j\u00e1 ministrou T\u00e9cnicas de Defesa Pessoal a centenas de militares.<\/span><\/p>\n<p><span style=\"font-family: var( --e-global-typography-text-font-family ), Sans-serif; font-weight: var( --e-global-typography-text-font-weight ); letter-spacing: 0px;\">&#8211; Especializado em sistemas de defesa pessoal n\u00e3o esportivos.<\/span><\/p>\n<p><span style=\"font-family: var( --e-global-typography-text-font-family ), Sans-serif; font-weight: var( --e-global-typography-text-font-weight ); letter-spacing: 0px;\">&#8211; Especializado no Ensino de Agentes de Seguran\u00e7a P\u00fablica e Privada de diversos \u00d3rg\u00e3os como Pol\u00edcias, SUSEPE, Fase, Guardas Municipais e For\u00e7as Armadas.&nbsp;<\/span><\/p>\n<p><span style=\"font-family: var( --e-global-typography-text-font-family ), Sans-serif; font-weight: var( --e-global-typography-text-font-weight ); letter-spacing: 0px;\">&#8211; Possui forma\u00e7\u00f5es Nacionais e Internacionais, j\u00e1 tendo treinado com os maiores Nomes Expoentes do Mundo nas Artes Marciais desenvolvidas:<\/span><\/p>\n<p><span style=\"font-family: var( --e-global-typography-text-font-family ), Sans-serif; font-weight: var( --e-global-typography-text-font-weight ); letter-spacing: 0px;\">&#8211; Mestre Gabi Shai, de Israel, disc\u00edpulo direto de Imi Lichtenfeld, o criador do Krav Maga. Com quem fez curso de forma\u00e7\u00e3o em Krav Maga Operacional.<\/span><\/p>\n<p><span style=\"font-family: var( --e-global-typography-text-font-family ), Sans-serif; font-weight: var( --e-global-typography-text-font-weight ); letter-spacing: 0px;\">&#8211; Instrutor Internacional de Krav Maga e de Bast\u00e3o T\u00e1tico com Certifica\u00e7\u00e3o da Corpora\u00e7\u00e3o Euro-Americana de Seguran\u00e7a \u2013 CEAS Internacional.<\/span><\/p>\n<p><span style=\"font-family: var( --e-global-typography-text-font-family ), Sans-serif; font-weight: var( --e-global-typography-text-font-weight ); letter-spacing: 0px;\">&#8211; Est\u00e1gio em Paris em uma das Escolas mais Tradicionais e Antigas do Mundo de Wing Chun, a Escola do Mestre Didier Beddar.<\/span><\/p><p><span style=\"font-family: var( --e-global-typography-text-font-family ), Sans-serif; font-weight: var( --e-global-typography-text-font-weight ); letter-spacing: 0px;\">&#8211; Mestre Emin Boztepe de Los Angeles.<\/span><\/p><p><span style=\"font-family: var( --e-global-typography-text-font-family ), Sans-serif; font-weight: var( --e-global-typography-text-font-weight ); letter-spacing: 0px;\">&#8211; Mestre Lap Wah Ng, de S\u00e3o Paulo.<\/span><\/p><p><span style=\"font-family: var( --e-global-typography-text-font-family ), Sans-serif; font-weight: var( --e-global-typography-text-font-weight ); letter-spacing: 0px;\">&#8211; Mestre Leung Kwok Wah, de Hong Kong.<\/span><\/p><p><span style=\"font-family: var( --e-global-typography-text-font-family ), Sans-serif; font-weight: var( --e-global-typography-text-font-weight ); letter-spacing: 0px;\">&#8211; Disc\u00edpulo direto do Sifu S\u00e9rgio Queiroz, mestre renomado mundialmente no Estilo Garra de \u00c1guia, com quem segue seus ensinamentos em Tai Chi Chuan Estilo Yang Tradicional e Chi Kung Terap\u00eautico.<\/span><\/p><p><span style=\"font-family: var( --e-global-typography-text-font-family ), Sans-serif; font-weight: var( --e-global-typography-text-font-weight ); letter-spacing: 0px;\">&#8211; Faixa Preta 3\u00b0 Dan de Taekwondo.<\/span><\/p><p><span style=\"font-family: var( --e-global-typography-text-font-family ), Sans-serif; font-weight: var( --e-global-typography-text-font-weight ); letter-spacing: 0px;\">&#8211; Faixa Preta 1\u00b0 Dan de Hapkido.<\/span><\/p><p><span style=\"font-family: var( --e-global-typography-text-font-family ), Sans-serif; font-weight: var( --e-global-typography-text-font-weight ); letter-spacing: 0px;\">&#8211; Intrutor de Tai Chi Chuan Yang Tradicional.<\/span><\/p><p><span style=\"font-family: var( --e-global-typography-text-font-family ), Sans-serif; font-weight: var( --e-global-typography-text-font-weight ); letter-spacing: 0px;\">&#8211; Instrutor de Panantukan, o Boxe Filipino.<\/span><\/p>\t\t\t\t\t\t\t\t<\/div>\n\t\t\t\t<\/div>\n\t\t\t\t\t<\/div>\n\t\t<\/div>\n\t\t\t\t\t<\/div>\n\t\t<\/section>\n\t\t\t\t<section class=\"elementor-section elementor-top-section elementor-element elementor-element-951e9e2 elementor-section-boxed elementor-section-height-default elementor-section-height-default\" data-id=\"951e9e2\" data-element_type=\"section\" data-e-type=\"section\">\n\t\t\t\t\t\t<div class=\"elementor-container elementor-column-gap-default\">\n\t\t\t\t\t<div class=\"elementor-column elementor-col-100 elementor-top-column elementor-element elementor-element-6fc70f6\" data-id=\"6fc70f6\" data-element_type=\"column\" data-e-type=\"column\">\n\t\t\t<div class=\"elementor-widget-wrap elementor-element-populated\">\n\t\t\t\t\t\t<div class=\"elementor-element elementor-element-8641dcf elementor-widget elementor-widget-image\" data-id=\"8641dcf\" data-element_type=\"widget\" data-e-type=\"widget\" data-widget_type=\"image.default\">\n\t\t\t\t<div class=\"elementor-widget-container\">\n\t\t\t\t\t\t\t\t\t\t\t\t\t\t\t\t<a href=\"http:\/\/api.whatsapp.com\/send?1=pt_BR&#038;phone=5551982492000\" target=\"_blank\">\n\t\t\t\t\t\t\t<img decoding=\"async\" width=\"768\" height=\"61\" src=\"https:\/\/casadooriente.com.br\/wp-content\/uploads\/2023\/03\/CLIQUEAQUI02-1-768x61.png\" class=\"attachment-medium_large size-medium_large wp-image-1096\" alt=\"\" srcset=\"https:\/\/casadooriente.com.br\/wp-content\/uploads\/2023\/03\/CLIQUEAQUI02-1-768x61.png 768w, https:\/\/casadooriente.com.br\/wp-content\/uploads\/2023\/03\/CLIQUEAQUI02-1-300x24.png 300w, https:\/\/casadooriente.com.br\/wp-content\/uploads\/2023\/03\/CLIQUEAQUI02-1-1024x82.png 1024w, https:\/\/casadooriente.com.br\/wp-content\/uploads\/2023\/03\/CLIQUEAQUI02-1-1536x123.png 1536w, https:\/\/casadooriente.com.br\/wp-content\/uploads\/2023\/03\/CLIQUEAQUI02-1-2048x164.png 2048w, https:\/\/casadooriente.com.br\/wp-content\/uploads\/2023\/03\/CLIQUEAQUI02-1-1140x91.png 1140w\" sizes=\"(max-width: 768px) 100vw, 768px\" \/>\t\t\t\t\t\t\t\t<\/a>\n\t\t\t\t\t\t\t\t\t\t\t\t\t\t\t<\/div>\n\t\t\t\t<\/div>\n\t\t\t\t\t<\/div>\n\t\t<\/div>\n\t\t\t\t\t<\/div>\n\t\t<\/section>\n\t\t\t\t<\/div>\n\t\t","protected":false},"excerpt":{"rendered":"<p>Mestre Tonatto &#8211; Praticante de artes marciais h\u00e1 mais de 20 anos, com um extenso curr\u00edculo de uma vida dedicada para as artes marciais. &#8211; Sargento de Carreira do Ex\u00e9rcito, onde j\u00e1 ministrou T\u00e9cnicas de Defesa Pessoal a centenas de militares. &#8211; Especializado em sistemas de defesa pessoal n\u00e3o esportivos. &#8211; Especializado no Ensino de Agentes de Seguran\u00e7a P\u00fablica e Privada de diversos \u00d3rg\u00e3os como Pol\u00edcias, SUSEPE, Fase, Guardas Municipais e For\u00e7as Armadas.&nbsp; &#8211; Possui forma\u00e7\u00f5es Nacionais e Internacionais, j\u00e1 tendo treinado com os maiores Nomes Expoentes do Mundo nas Artes Marciais desenvolvidas: &#8211; Mestre Gabi Shai, de Israel, disc\u00edpulo direto de Imi Lichtenfeld, o criador do Krav Maga. Com quem fez curso de forma\u00e7\u00e3o em Krav Maga Operacional. &#8211; Instrutor Internacional de Krav Maga e de Bast\u00e3o T\u00e1tico com Certifica\u00e7\u00e3o da Corpora\u00e7\u00e3o Euro-Americana de Seguran\u00e7a \u2013 CEAS Internacional. &#8211; Est\u00e1gio em Paris em uma das Escolas mais Tradicionais e Antigas do Mundo de Wing Chun, a Escola do Mestre Didier Beddar. &#8211; Mestre Emin Boztepe de Los Angeles. &#8211; Mestre Lap Wah Ng, de S\u00e3o Paulo. &#8211; Mestre Leung Kwok Wah, de Hong Kong. &#8211; Disc\u00edpulo direto do Sifu S\u00e9rgio Queiroz, mestre renomado mundialmente no Estilo Garra de \u00c1guia, com quem segue seus ensinamentos em Tai Chi Chuan Estilo Yang Tradicional e Chi Kung Terap\u00eautico. &#8211; Faixa Preta 3\u00b0 Dan de Taekwondo. &#8211; Faixa Preta 1\u00b0 Dan de Hapkido. &#8211; Intrutor de Tai Chi Chuan Yang Tradicional. &#8211; Instrutor de Panantukan, o Boxe Filipino.<\/p>\n","protected":false},"author":1,"featured_media":0,"parent":0,"menu_order":0,"comment_status":"closed","ping_status":"closed","template":"","meta":{"_eb_attr":"","footnotes":""},"class_list":["post-420","page","type-page","status-publish","hentry"],"_links":{"self":[{"href":"https:\/\/casadooriente.com.br\/index.php?rest_route=\/wp\/v2\/pages\/420","targetHints":{"allow":["GET"]}}],"collection":[{"href":"https:\/\/casadooriente.com.br\/index.php?rest_route=\/wp\/v2\/pages"}],"about":[{"href":"https:\/\/casadooriente.com.br\/index.php?rest_route=\/wp\/v2\/types\/page"}],"author":[{"embeddable":true,"href":"https:\/\/casadooriente.com.br\/index.php?rest_route=\/wp\/v2\/users\/1"}],"replies":[{"embeddable":true,"href":"https:\/\/casadooriente.com.br\/index.php?rest_route=%2Fwp%2Fv2%2Fcomments&post=420"}],"version-history":[{"count":24,"href":"https:\/\/casadooriente.com.br\/index.php?rest_route=\/wp\/v2\/pages\/420\/revisions"}],"predecessor-version":[{"id":1412,"href":"https:\/\/casadooriente.com.br\/index.php?rest_route=\/wp\/v2\/pages\/420\/revisions\/1412"}],"wp:attachment":[{"href":"https:\/\/casadooriente.com.br\/index.php?rest_route=%2Fwp%2Fv2%2Fmedia&parent=420"}],"curies":[{"name":"wp","href":"https:\/\/api.w.org\/{rel}","templated":true}]}}