{"id":418,"date":"2021-12-08T19:04:11","date_gmt":"2021-12-08T19:04:11","guid":{"rendered":"https:\/\/casadooriente.com.br\/?page_id=418"},"modified":"2026-03-15T23:06:39","modified_gmt":"2026-03-15T23:06:39","slug":"pati-pizio","status":"publish","type":"page","link":"https:\/\/casadooriente.com.br\/?page_id=418","title":{"rendered":""},"content":{"rendered":"\t\t<div data-elementor-type=\"wp-page\" data-elementor-id=\"418\" class=\"elementor elementor-418\">\n\t\t\t\t\t\t<section class=\"elementor-section elementor-top-section elementor-element elementor-element-f362645 elementor-section-boxed elementor-section-height-default elementor-section-height-default\" data-id=\"f362645\" data-element_type=\"section\" data-e-type=\"section\">\n\t\t\t\t\t\t<div class=\"elementor-container elementor-column-gap-default\">\n\t\t\t\t\t<div class=\"elementor-column elementor-col-100 elementor-top-column elementor-element elementor-element-4788c0c\" data-id=\"4788c0c\" data-element_type=\"column\" data-e-type=\"column\">\n\t\t\t<div class=\"elementor-widget-wrap elementor-element-populated\">\n\t\t\t\t\t\t<div class=\"elementor-element elementor-element-94a6392 elementor-widget elementor-widget-heading\" data-id=\"94a6392\" data-element_type=\"widget\" data-e-type=\"widget\" data-widget_type=\"heading.default\">\n\t\t\t\t<div class=\"elementor-widget-container\">\n\t\t\t\t\t<h2 class=\"elementor-heading-title elementor-size-default\">Professora Pati Pizio<\/h2>\t\t\t\t<\/div>\n\t\t\t\t<\/div>\n\t\t\t\t\t<\/div>\n\t\t<\/div>\n\t\t\t\t\t<\/div>\n\t\t<\/section>\n\t\t\t\t<section class=\"elementor-section elementor-top-section elementor-element elementor-element-e35d5df elementor-section-boxed elementor-section-height-default elementor-section-height-default\" data-id=\"e35d5df\" data-element_type=\"section\" data-e-type=\"section\">\n\t\t\t\t\t\t<div class=\"elementor-container elementor-column-gap-default\">\n\t\t\t\t\t<div class=\"elementor-column elementor-col-50 elementor-top-column elementor-element elementor-element-e3e2a8e\" data-id=\"e3e2a8e\" data-element_type=\"column\" data-e-type=\"column\">\n\t\t\t<div class=\"elementor-widget-wrap elementor-element-populated\">\n\t\t\t\t\t\t<div class=\"elementor-element elementor-element-e5e0d49 elementor-widget__width-initial elementor-widget elementor-widget-image\" data-id=\"e5e0d49\" data-element_type=\"widget\" data-e-type=\"widget\" data-widget_type=\"image.default\">\n\t\t\t\t<div class=\"elementor-widget-container\">\n\t\t\t\t\t\t\t\t\t\t\t\t\t\t\t<img fetchpriority=\"high\" decoding=\"async\" width=\"1162\" height=\"1016\" src=\"https:\/\/casadooriente.com.br\/wp-content\/uploads\/2026\/03\/pati02.png\" class=\"attachment-full size-full wp-image-1767\" alt=\"\" srcset=\"https:\/\/casadooriente.com.br\/wp-content\/uploads\/2026\/03\/pati02.png 1162w, https:\/\/casadooriente.com.br\/wp-content\/uploads\/2026\/03\/pati02-300x262.png 300w, https:\/\/casadooriente.com.br\/wp-content\/uploads\/2026\/03\/pati02-1024x895.png 1024w, https:\/\/casadooriente.com.br\/wp-content\/uploads\/2026\/03\/pati02-768x672.png 768w, https:\/\/casadooriente.com.br\/wp-content\/uploads\/2026\/03\/pati02-1140x997.png 1140w\" sizes=\"(max-width: 1162px) 100vw, 1162px\" \/>\t\t\t\t\t\t\t\t\t\t\t\t\t\t\t<\/div>\n\t\t\t\t<\/div>\n\t\t\t\t\t<\/div>\n\t\t<\/div>\n\t\t\t\t<div class=\"elementor-column elementor-col-50 elementor-top-column elementor-element elementor-element-9c25fdb\" data-id=\"9c25fdb\" data-element_type=\"column\" data-e-type=\"column\">\n\t\t\t<div class=\"elementor-widget-wrap elementor-element-populated\">\n\t\t\t\t\t\t<div class=\"elementor-element elementor-element-81a381e elementor-widget elementor-widget-text-editor\" data-id=\"81a381e\" data-element_type=\"widget\" data-e-type=\"widget\" data-widget_type=\"text-editor.default\">\n\t\t\t\t<div class=\"elementor-widget-container\">\n\t\t\t\t\t\t\t\t\t<p>Pati Pizio \u00e9 profissional de Educa\u00e7\u00e3o F\u00edsica, Terapeuta Ayurveda, praticante e professora de Yoga e Medita\u00e7\u00e3o. Tamb\u00e9m \u00e9 estudante de Vedanta, Astrologia V\u00e9dica e Tai Chi Chuan. Possui extensa experi\u00eancia com o ensino, consciente de que este \u00e9 seu Dharma, a sua miss\u00e3o de vida. S\u00e3o mais de 15 anos na \u00e1rea e mais de 1000 alunos atendidos at\u00e9 este momento.<\/p>\n<p><!-- \/wp:paragraph --><!-- wp:paragraph --><\/p>\n<p>Foi uma disciplinada atleta, Campe\u00e3 Brasileira de Fisiculturismo, esporte que considera mais mental do que f\u00edsico. Se tornou mentora de centenas de pessoas que buscavam transforma\u00e7\u00f5es em suas vidas, n\u00e3o somente no corpo, mas na mente e comportamentos.<\/p>\n<p><!-- \/wp:paragraph --><!-- wp:paragraph --><\/p>\n<p>Viajou para o \u00cdndia para estudar e se auto estudar. Inaugurou a Casa do Oriente em 2018, juntamente com seu esposo Tonatto, Mestre de Artes Marciais e tamb\u00e9m praticante de Yoga, com o intuito de tornar o Yoga e as Pr\u00e1ticas Orientais acess\u00edveis para todas as pessoas. Assim nutrem na Escola um ambiente livre e acolhedor, onde as diferen\u00e7as s\u00e3o bem-vindas e respeitadas.<\/p>\n<p><!-- \/wp:paragraph --><!-- wp:paragraph --><\/p>\n<p>A Casa do Oriente recebe estudantes de muitos lugares e com hist\u00f3rias diferentes, onde a jornada de cada um \u00e9 integrada ao estudo e enriquece todo o ambiente. Nada \u00e9 perdido, tudo \u00e9 somado, contribuindo para o desenvolvimento de Ser Humano, trazendo a luz do entendimento que Todos s\u00e3o Um.<\/p>\n<p><!-- \/wp:paragraph --><!-- wp:paragraph --><\/p>\n<p><span style=\"color: var( --e-global-color-text ); font-family: var( --e-global-typography-text-font-family ), Sans-serif; font-weight: var( --e-global-typography-text-font-weight ); font-size: 1em;\">&#8211; Educadora F\u00edsica.<\/span><\/p>\n<p><!-- \/wp:paragraph --><!-- wp:paragraph --><\/p>\n<p>&#8211; Terapeuta Ayurveda.<\/p>\n<p><!-- \/wp:paragraph --><!-- wp:paragraph --><\/p>\n<p>&#8211; Instrutora de Yoga e Tai Chi Chuan.<\/p>\n<p><!-- \/wp:paragraph --><!-- wp:paragraph --><\/p>\n<p>&#8211; Estudante de Vedanta e Astrologia V\u00e9dica.<\/p>\n<p><!-- \/wp:paragraph --><!-- wp:paragraph --><\/p>\n<p>&#8211; Campe\u00e3 Ga\u00facha e Brasileira de Fisiculturismo.<\/p>\t\t\t\t\t\t\t\t<\/div>\n\t\t\t\t<\/div>\n\t\t\t\t\t<\/div>\n\t\t<\/div>\n\t\t\t\t\t<\/div>\n\t\t<\/section>\n\t\t\t\t<section class=\"elementor-section elementor-top-section elementor-element elementor-element-5db67ad elementor-section-boxed elementor-section-height-default elementor-section-height-default\" data-id=\"5db67ad\" data-element_type=\"section\" data-e-type=\"section\">\n\t\t\t\t\t\t<div class=\"elementor-container elementor-column-gap-default\">\n\t\t\t\t\t<div class=\"elementor-column elementor-col-100 elementor-top-column elementor-element elementor-element-28fa283\" data-id=\"28fa283\" data-element_type=\"column\" data-e-type=\"column\">\n\t\t\t<div class=\"elementor-widget-wrap\">\n\t\t\t\t\t\t\t<\/div>\n\t\t<\/div>\n\t\t\t\t\t<\/div>\n\t\t<\/section>\n\t\t\t\t<section class=\"elementor-section elementor-top-section elementor-element elementor-element-7e629f9 elementor-section-boxed elementor-section-height-default elementor-section-height-default\" data-id=\"7e629f9\" data-element_type=\"section\" data-e-type=\"section\">\n\t\t\t\t\t\t<div class=\"elementor-container elementor-column-gap-default\">\n\t\t\t\t\t<div class=\"elementor-column elementor-col-100 elementor-top-column elementor-element elementor-element-d4e13af\" data-id=\"d4e13af\" data-element_type=\"column\" data-e-type=\"column\">\n\t\t\t<div class=\"elementor-widget-wrap elementor-element-populated\">\n\t\t\t\t\t\t<div class=\"elementor-element elementor-element-5596571 elementor-widget elementor-widget-image\" data-id=\"5596571\" data-element_type=\"widget\" data-e-type=\"widget\" data-widget_type=\"image.default\">\n\t\t\t\t<div class=\"elementor-widget-container\">\n\t\t\t\t\t\t\t\t\t\t\t\t\t\t\t\t<a href=\"http:\/\/api.whatsapp.com\/send?1=pt_BR&#038;phone=5551982492000\" target=\"_blank\">\n\t\t\t\t\t\t\t<img decoding=\"async\" width=\"768\" height=\"61\" src=\"https:\/\/casadooriente.com.br\/wp-content\/uploads\/2023\/03\/CLIQUEAQUI02-1-768x61.png\" class=\"attachment-medium_large size-medium_large wp-image-1096\" alt=\"\" srcset=\"https:\/\/casadooriente.com.br\/wp-content\/uploads\/2023\/03\/CLIQUEAQUI02-1-768x61.png 768w, https:\/\/casadooriente.com.br\/wp-content\/uploads\/2023\/03\/CLIQUEAQUI02-1-300x24.png 300w, https:\/\/casadooriente.com.br\/wp-content\/uploads\/2023\/03\/CLIQUEAQUI02-1-1024x82.png 1024w, https:\/\/casadooriente.com.br\/wp-content\/uploads\/2023\/03\/CLIQUEAQUI02-1-1536x123.png 1536w, https:\/\/casadooriente.com.br\/wp-content\/uploads\/2023\/03\/CLIQUEAQUI02-1-2048x164.png 2048w, https:\/\/casadooriente.com.br\/wp-content\/uploads\/2023\/03\/CLIQUEAQUI02-1-1140x91.png 1140w\" sizes=\"(max-width: 768px) 100vw, 768px\" \/>\t\t\t\t\t\t\t\t<\/a>\n\t\t\t\t\t\t\t\t\t\t\t\t\t\t\t<\/div>\n\t\t\t\t<\/div>\n\t\t\t\t\t<\/div>\n\t\t<\/div>\n\t\t\t\t\t<\/div>\n\t\t<\/section>\n\t\t\t\t<\/div>\n\t\t","protected":false},"excerpt":{"rendered":"<p>Professora Pati Pizio Pati Pizio \u00e9 profissional de Educa\u00e7\u00e3o F\u00edsica, Terapeuta Ayurveda, praticante e professora de Yoga e Medita\u00e7\u00e3o. Tamb\u00e9m \u00e9 estudante de Vedanta, Astrologia V\u00e9dica e Tai Chi Chuan. Possui extensa experi\u00eancia com o ensino, consciente de que este \u00e9 seu Dharma, a sua miss\u00e3o de vida. S\u00e3o mais de 15 anos na \u00e1rea e mais de 1000 alunos atendidos at\u00e9 este momento. Foi uma disciplinada atleta, Campe\u00e3 Brasileira de Fisiculturismo, esporte que considera mais mental do que f\u00edsico. Se tornou mentora de centenas de pessoas que buscavam transforma\u00e7\u00f5es em suas vidas, n\u00e3o somente no corpo, mas na mente e comportamentos. Viajou para o \u00cdndia para estudar e se auto estudar. Inaugurou a Casa do Oriente em 2018, juntamente com seu esposo Tonatto, Mestre de Artes Marciais e tamb\u00e9m praticante de Yoga, com o intuito de tornar o Yoga e as Pr\u00e1ticas Orientais acess\u00edveis para todas as pessoas. Assim nutrem na Escola um ambiente livre e acolhedor, onde as diferen\u00e7as s\u00e3o bem-vindas e respeitadas. A Casa do Oriente recebe estudantes de muitos lugares e com hist\u00f3rias diferentes, onde a jornada de cada um \u00e9 integrada ao estudo e enriquece todo o ambiente. Nada \u00e9 perdido, tudo \u00e9 somado, contribuindo para o desenvolvimento de Ser Humano, trazendo a luz do entendimento que Todos s\u00e3o Um. &#8211; Educadora F\u00edsica. &#8211; Terapeuta Ayurveda. &#8211; Instrutora de Yoga e Tai Chi Chuan. &#8211; Estudante de Vedanta e Astrologia V\u00e9dica. &#8211; Campe\u00e3 Ga\u00facha e Brasileira de Fisiculturismo.<\/p>\n","protected":false},"author":1,"featured_media":0,"parent":0,"menu_order":0,"comment_status":"closed","ping_status":"closed","template":"","meta":{"_eb_attr":"","footnotes":""},"class_list":["post-418","page","type-page","status-publish","hentry"],"_links":{"self":[{"href":"https:\/\/casadooriente.com.br\/index.php?rest_route=\/wp\/v2\/pages\/418","targetHints":{"allow":["GET"]}}],"collection":[{"href":"https:\/\/casadooriente.com.br\/index.php?rest_route=\/wp\/v2\/pages"}],"about":[{"href":"https:\/\/casadooriente.com.br\/index.php?rest_route=\/wp\/v2\/types\/page"}],"author":[{"embeddable":true,"href":"https:\/\/casadooriente.com.br\/index.php?rest_route=\/wp\/v2\/users\/1"}],"replies":[{"embeddable":true,"href":"https:\/\/casadooriente.com.br\/index.php?rest_route=%2Fwp%2Fv2%2Fcomments&post=418"}],"version-history":[{"count":30,"href":"https:\/\/casadooriente.com.br\/index.php?rest_route=\/wp\/v2\/pages\/418\/revisions"}],"predecessor-version":[{"id":1774,"href":"https:\/\/casadooriente.com.br\/index.php?rest_route=\/wp\/v2\/pages\/418\/revisions\/1774"}],"wp:attachment":[{"href":"https:\/\/casadooriente.com.br\/index.php?rest_route=%2Fwp%2Fv2%2Fmedia&parent=418"}],"curies":[{"name":"wp","href":"https:\/\/api.w.org\/{rel}","templated":true}]}}